{"id":2017,"date":"2024-12-01T19:00:45","date_gmt":"2024-12-01T18:00:45","guid":{"rendered":"http:\/\/www.randocabane.fr\/?page_id=2017"},"modified":"2025-02-14T10:10:41","modified_gmt":"2025-02-14T09:10:41","slug":"randonnees-pedestres","status":"publish","type":"page","link":"https:\/\/www.randocabane.fr\/index.php\/randonnees-pedestres\/","title":{"rendered":"Randonn\u00e9es p\u00e9destres au d\u00e9part ou vers les h\u00e9bergements RandoCabane"},"content":{"rendered":"\n<div class=\"wp-block-columns are-vertically-aligned-center has-medium-font-size is-layout-flex wp-container-core-columns-is-layout-1 wp-block-columns-is-layout-flex\">\n<div class=\"wp-block-column is-vertically-aligned-center is-layout-flow wp-block-column-is-layout-flow\" style=\"flex-basis:33.33%\"><p><iframe id=\"widget_autocomplete_preview\"  width=220\" height=\"300\" frameborder=\"0\" src=\"https:\/\/meteofrance.com\/widget\/prevision\/441590##94C11F\" title=\"Pr\u00e9visions Saint-Fiacre-sur-Maine par M\u00e9t\u00e9o-France\"> <\/iframe><\/p>\n<\/div>\n\n\n\n<div class=\"wp-block-column is-vertically-aligned-center is-layout-flow wp-block-column-is-layout-flow\" style=\"flex-basis:66.67%\">\n<p>D\u00e9couvrez des circuits et boucles pour vos randonn\u00e9es p\u00e9destres au travers du Vignoble Nantais.<\/p>\n\n\n\n<p>Envie d&#8217;une&nbsp;<strong>randonn\u00e9e personnalis\u00e9e<\/strong>&nbsp;? RandoCabane s&#8217;occupe de tout :&nbsp;<a href=\"https:\/\/www.randocabane.fr\/#contact\">contactez-nous<\/a> !<\/p>\n<\/div>\n<\/div>\n\n\n\n<h2 class=\"wp-block-heading\">Les boucles RandoCabane pour la saison 2025<\/h2>\n\n\n\n<div class=\"wp-block-media-text alignwide is-stacked-on-mobile\" style=\"grid-template-columns:22% auto\"><figure class=\"wp-block-media-text__media\"><img loading=\"lazy\" decoding=\"async\" width=\"268\" height=\"235\" src=\"https:\/\/www.randocabane.fr\/wp-content\/uploads\/2024\/12\/Randonnee-RandoCabane-LaHaie-Fouassiere-Moulins.jpg\" alt=\"\" class=\"wp-image-3238 size-full\"\/><\/figure><div class=\"wp-block-media-text__content\">\n<h3 class=\"wp-block-heading\">Circuit de 12.5 km au d\u00e9part des cabanes de Saint Fiacre sur Maine<\/h3>\n\n\n\n<p>2 km aller\/retour sur le GR de pays (balisage rouge et jaune) afin d&#8217;acc\u00e9der \u00e0 la boucle <a href=\"https:\/\/www.levignobledenantes-tourisme.com\/circuit-et-randonnee\/boucle-circuit-moulins-et-chateaux\/\" target=\"_blank\" rel=\"noreferrer noopener\">Moulins et Ch\u00e2teaux<\/a> de la Haie-Fouassi\u00e8re (balisage jaune).<\/p>\n\n\n\n<p>Restauration sur le circuit <a href=\"https:\/\/www.facebook.com\/LeRabelaisLaHayeFouassiere\" target=\"_blank\" rel=\"noreferrer noopener\">Le Rabelais<\/a>, ravitaillement  <a href=\"https:\/\/www.maisonfricaud.fr\" target=\"_blank\" rel=\"noreferrer noopener\">Maison Fricaud<\/a>, Boulangeries, <a href=\"https:\/\/www.facebook.com\/p\/PROXI-La-Haye-100070781246009\/\" target=\"_blank\" rel=\"noreferrer noopener\">Proxi<\/a>.<\/p>\n\n\n\n<p>Circuit test\u00e9 par Franck RandoCabane 1\/12\/2024, t\u00e9l\u00e9chargez la <a href=\"http:\/\/www.randocabane.fr\/wp-content\/uploads\/2024\/12\/12Km-RandoCabane-LaHayeFouassiere.gpx\" target=\"_blank\" rel=\"noreferrer noopener\"><strong>Trace GPX <\/strong><\/a><\/p>\n<\/div><\/div>\n\n\n\n<hr class=\"wp-block-separator has-alpha-channel-opacity\"\/>\n\n\n\n<h2 class=\"wp-block-heading\">Rejoindre Randocabane via le GR de pays du vignoble Nantais &#8211; Chemin de Saint Jacques de Compostelle<\/h2>\n\n\n\n<div class=\"wp-block-media-text alignwide has-media-on-the-right is-stacked-on-mobile\" style=\"grid-template-columns:auto 24%\"><div class=\"wp-block-media-text__content\">\n<h3 class=\"wp-block-heading\">Nantes &#8211; Pirmil au Parc du Loiry \u00e0 Vertou  7 km<\/h3>\n\n\n\n<p>Se rendre \u00e0 Pirmil : Nombreux bus, <strong>Tramway lignes 2 et 3<\/strong> et gare de Pont Rousseau<\/p>\n\n\n\n<p>Randonn\u00e9e: suivre le GR de pays (balisage rouge et jaune) le long de la rive droite de la S\u00e8vre Nantaise<\/p>\n\n\n\n<p>Restauration sur le parcours : Chauss\u00e9e des Moines et commerces de Vertou.<\/p>\n\n\n\n<p>T\u00e9l\u00e9chargez la <strong><a href=\"http:\/\/www.randocabane.fr\/wp-content\/uploads\/2025\/01\/Pirmil-Nantes-Vertou-Loiry.gpx\" target=\"_blank\" rel=\"noreferrer noopener\">Trace gpx<\/a><\/strong><\/p>\n<\/div><figure class=\"wp-block-media-text__media\"><img loading=\"lazy\" decoding=\"async\" width=\"500\" height=\"371\" src=\"https:\/\/www.randocabane.fr\/wp-content\/uploads\/2025\/01\/Randonnee-Pirmil-Nantes-Vertou-loiry.jpg\" alt=\"\" class=\"wp-image-3301 size-full\" srcset=\"https:\/\/www.randocabane.fr\/wp-content\/uploads\/2025\/01\/Randonnee-Pirmil-Nantes-Vertou-loiry.jpg 500w, https:\/\/www.randocabane.fr\/wp-content\/uploads\/2025\/01\/Randonnee-Pirmil-Nantes-Vertou-loiry-300x223.jpg 300w\" sizes=\"auto, (max-width: 500px) 100vw, 500px\" \/><\/figure><\/div>\n\n\n\n<div class=\"wp-block-media-text alignwide is-stacked-on-mobile\" style=\"grid-template-columns:23% auto\"><figure class=\"wp-block-media-text__media\"><img loading=\"lazy\" decoding=\"async\" width=\"341\" height=\"181\" src=\"https:\/\/www.randocabane.fr\/wp-content\/uploads\/2024\/12\/Randonnee-Loiry-Vertou-RandoCabane.jpg\" alt=\"\" class=\"wp-image-3248 size-full\" srcset=\"https:\/\/www.randocabane.fr\/wp-content\/uploads\/2024\/12\/Randonnee-Loiry-Vertou-RandoCabane.jpg 341w, https:\/\/www.randocabane.fr\/wp-content\/uploads\/2024\/12\/Randonnee-Loiry-Vertou-RandoCabane-300x159.jpg 300w\" sizes=\"auto, (max-width: 341px) 100vw, 341px\" \/><\/figure><div class=\"wp-block-media-text__content\">\n<h3 class=\"wp-block-heading\">Vertou &#8211; Parc du Loiry aux cabanes \u00e0 Saint Fiacre sur Maine 9,6 km<\/h3>\n\n\n\n<p>Randonn\u00e9e en suivant  le GR de pays (balisage rouge et jaune) de Vertou au village de la Bourchini\u00e8re, ensuite variante via le <a href=\"https:\/\/lesamisdestfiacre.org\/\" target=\"_blank\" rel=\"noreferrer noopener\">Moulin de la Bourchini\u00e8re<\/a> et travers\u00e9e du bourg de Saint-Fiacre pour r\u00e9cup\u00e9rer le GR. A l&#8217;entr\u00e9e du village de la P\u00e9ti\u00e8re prendre \u00e0 gauche vers RandoCabane.<\/p>\n\n\n\n<p>Restauration sur le parcours : Chauss\u00e9e des Moines et commerces de Vertou, Restaurant <strong>Le Fiacre<\/strong> 1,6 km avant l&#8217;arriv\u00e9e aux cabanes.<\/p>\n\n\n\n<p>Circuit test\u00e9 par Franck RandoCabane 17\/11\/2024, t\u00e9l\u00e9chargez la <strong><a href=\"http:\/\/www.randocabane.fr\/wp-content\/uploads\/2024\/12\/9-6km-LoiryVertou-RandoCabane.gpx\" target=\"_blank\" rel=\"noreferrer noopener\">Trace GPX<\/a><\/strong><\/p>\n<\/div><\/div>\n\n\n\n<hr class=\"wp-block-separator has-alpha-channel-opacity\"\/>\n\n\n\n<div class=\"wp-block-media-text has-media-on-the-right is-stacked-on-mobile\" style=\"grid-template-columns:auto 31%\"><div class=\"wp-block-media-text__content\">\n<h3 class=\"wp-block-heading\">RandoCabane \u00e0 Clisson &#8211; Restaurant la cascade Gervaux &#8211; 18km<\/h3>\n\n\n\n<p>Randonn\u00e9e en suivant le GR de pays (balisage rouge et jaune), des cabanes de Saint Fiacre sur Maine \u00e0 l&#8217;entr\u00e9e de Clisson au lieu dit Gervaux.<\/p>\n\n\n\n<p>Ravitaillement possible \u00e0 Monni\u00e8res,  restauration <a href=\"https:\/\/www.aubergeduportdomino.fr\/\" target=\"_blank\" rel=\"noreferrer noopener\">Auberge de Port Domino<\/a> (sur r\u00e9servation).<\/p>\n\n\n\n<p>Prendre un verre ou se restaurer en fin de parcours, <a href=\"https:\/\/www.la-cascade.net\/\" target=\"_blank\" rel=\"noreferrer noopener\">La Cascade<\/a> en bord de S\u00e8vre Nantaise.<\/p>\n\n\n\n<p>Circuit test\u00e9 par Franck RandoCabane, t\u00e9l\u00e9chargez la <strong><a href=\"http:\/\/www.randocabane.fr\/wp-content\/uploads\/2025\/02\/18km-RandoCabane-Clisson-Cascade.gpx\" target=\"_blank\" rel=\"noreferrer noopener\">Trace GPX<\/a><\/strong><\/p>\n<\/div><figure class=\"wp-block-media-text__media\"><img loading=\"lazy\" decoding=\"async\" width=\"500\" height=\"353\" src=\"https:\/\/www.randocabane.fr\/wp-content\/uploads\/2025\/02\/Randonnee-RandoCabane-Clisson-La-Cascade.jpg\" alt=\"\" class=\"wp-image-3375 size-full\" srcset=\"https:\/\/www.randocabane.fr\/wp-content\/uploads\/2025\/02\/Randonnee-RandoCabane-Clisson-La-Cascade.jpg 500w, https:\/\/www.randocabane.fr\/wp-content\/uploads\/2025\/02\/Randonnee-RandoCabane-Clisson-La-Cascade-300x212.jpg 300w\" sizes=\"auto, (max-width: 500px) 100vw, 500px\" \/><\/figure><\/div>\n\n\n\n<hr class=\"wp-block-separator has-alpha-channel-opacity\"\/>\n\n\n\n<p><strong>Autre  suggestion :<\/strong> Boucle de 13Km au d\u00e9part de la <a href=\"https:\/\/www.randocabane.fr\/index.php\/cabane-de-la-sevre-reservation\/\">Cabane de Saint Fiacre sur Maine<\/a><\/p>\n\n\n\r\n            <style>.wpgmza_table_category { display: none !important; }<\/style><style>.wpgmza_table_marker { display: none; }<\/style><style>.wpgmza_table_title { display: none; }<\/style><style>.wpgmza_table_address { display: none; }<\/style>\r\n            \r\n            \r\n            <a name='map5'><\/a>\r\n            \r\n            \r\n            \r\n            \r\n            <div class=\"wpgmza_map \"  id=\"wpgmza_map_5\" style=\"display:block; overflow:auto; width:100%; height:400px; float:left;\" data-settings='{\"id\":\"5\",\"map_title\":\"Boucle Saint-Fiacre \",\"map_width\":\"100\",\"map_height\":\"400\",\"map_start_lat\":\"47.135536221247406\",\"map_start_lng\":\"-1.394916758996642\",\"map_start_location\":\"\",\"map_start_zoom\":\"13\",\"default_marker\":\"\",\"type\":\"0\",\"alignment\":\"0\",\"directions_enabled\":\"0\",\"styling_enabled\":\"0\",\"styling_json\":\"\",\"active\":\"0\",\"kml\":\"\",\"bicycle\":\"0\",\"traffic\":\"0\",\"dbox\":\"1\",\"dbox_width\":\"100\",\"listmarkers\":\"0\",\"listmarkers_advanced\":\"0\",\"filterbycat\":\"0\",\"ugm_enabled\":\"0\",\"ugm_category_enabled\":\"0\",\"fusion\":\"\",\"map_width_type\":\"%\",\"map_height_type\":\"px\",\"mass_marker_support\":\"0\",\"ugm_access\":\"0\",\"order_markers_by\":\"1\",\"order_markers_choice\":\"1\",\"show_user_location\":\"0\",\"default_to\":\"\",\"other_settings\":{\"map_type\":1,\"sl_stroke_color\":\"#ff0000\",\"sl_fill_color\":\"#ff0000\",\"sl_stroke_opacity\":\"1\",\"sl_fill_opacity\":\"0.5\",\"transport_layer\":false,\"action\":\"wpgmza_save_map\",\"redirect_to\":\"\\\/wp-admin\\\/admin-post.php\",\"map_id\":\"5\",\"http_referer\":\"\\\/wp-admin\\\/admin.php?page=wp-google-maps-menu&amp;action=edit&amp;map_id=5\",\"wpgmza_id\":\"5\",\"wpgmza_start_location\":\"47.135536221247406,-1.394916758996642\",\"wpgmza_start_zoom\":\"13\",\"wpgmza_dbox_width_type\":\"%\",\"default_from\":\"\",\"directions_behaviour\":\"default\",\"force_google_directions_app\":false,\"directions_route_origin_icon\":\"https:\\\/\\\/www.randocabane.fr\\\/wp-content\\\/plugins\\\/wp-google-maps\\\/images\\\/spotlight-poi2.png\",\"directions_origin_retina\":false,\"directions_route_destination_icon\":\"https:\\\/\\\/www.randocabane.fr\\\/wp-content\\\/plugins\\\/wp-google-maps\\\/images\\\/spotlight-poi2.png\",\"directions_destination_retina\":false,\"directions_route_stroke_color\":\"#4f8df5\",\"directions_route_stroke_weight\":\"4\",\"directions_route_stroke_opacity\":\"0.8\",\"store_locator_enabled\":false,\"store_locator_search_area\":\"radial\",\"wpgmza_store_locator_radius_style\":\"legacy\",\"wpgmza_store_locator_default_radius\":\"10\",\"store_locator_auto_area_max_zoom\":\"\",\"wpgmza_store_locator_restrict\":\"\",\"store_locator_distance\":false,\"wpgmza_store_locator_position\":false,\"store_locator_category\":false,\"wpgmza_store_locator_use_their_location\":false,\"wpgmza_store_locator_bounce\":false,\"upload_default_sl_marker\":\"\",\"retina\":false,\"wpgmza_sl_animation\":\"0\",\"wpgmza_store_locator_hide_before_search\":false,\"store_locator_query_string\":\"\",\"store_locator_default_address\":\"\",\"store_locator_name_search\":false,\"store_locator_name_string\":\"\",\"store_locator_not_found_message\":\"\",\"wpgmza_map_align\":\"1\",\"upload_default_ul_marker\":\"\",\"jump_to_nearest_marker_on_initialization\":false,\"automatically_pan_to_users_location\":false,\"override_users_location_zoom_level\":false,\"override_users_location_zoom_levels\":\"\",\"show_distance_from_location\":false,\"map_max_zoom\":\"21\",\"map_min_zoom\":\"0\",\"click_open_link\":false,\"fit_maps_bounds_to_markers\":false,\"fit_maps_bounds_to_markers_after_filtering\":false,\"hide_point_of_interest\":false,\"wpgmza_zoom_on_marker_click\":false,\"wpgmza_zoom_on_marker_click_slider\":\"\",\"close_infowindow_on_map_click\":false,\"disable_lightbox_images\":false,\"use_Raw_Jpeg_Coordinates\":false,\"polygon_labels\":false,\"enable_advanced_custom_fields_integration\":false,\"enable_toolset_woocommerce_integration\":false,\"only_load_markers_within_viewport\":false,\"iw_primary_color\":\"\",\"iw_accent_color\":\"\",\"iw_text_color\":\"\",\"wpgmza_listmarkers_by\":\"0\",\"wpgmza_marker_listing_position\":false,\"datatable_no_result_message\":\"\",\"remove_search_box_datables\":false,\"dataTable_pagination_style\":\"default\",\"datatable_search_string\":\"\",\"datatable_result_start\":\"\",\"datatable_result_of\":\"\",\"datatable_result_to\":\"\",\"datatable_result_total\":\"\",\"datatable_result_show\":\"\",\"datatable_result_entries\":\"\",\"wpgmza_savemap\":\"Enregistrer la carte \\u00bb\",\"shortcodeAttributes\":{\"id\":\"5\"}}}' data-map-id='5' data-shortcode-attributes='{\"id\":\"5\"}'> <\/div>\r\n            \r\n               \r\n        \n\n\n\n<p><em>Les itin\u00e9raires propos\u00e9s s\u2019appuient en partie sur des circuits ou voies balis\u00e9es. Notre responsabilit\u00e9 ne pourra \u00eatre engag\u00e9e en cas de manquement sur la signalisation.<\/em><\/p>\n\n\n\n<hr class=\"wp-block-separator has-css-opacity\"\/>\n\n\n\n<h2 class=\"wp-block-heading\">Les circuits de randonn\u00e9es p\u00e9destres balis\u00e9s du Vignoble de Nantes<\/h2>\n\n\n\n<div class=\"wp-block-media-text alignwide is-stacked-on-mobile\" style=\"grid-template-columns:15% auto\"><figure class=\"wp-block-media-text__media\"><img loading=\"lazy\" decoding=\"async\" width=\"191\" height=\"218\" src=\"http:\/\/www.randocabane.fr\/wp-content\/uploads\/2021\/03\/logo-VDN-2.jpg\" alt=\"Le vignoble de Nantes - Randonn\u00e9es P\u00e9destres\" class=\"wp-image-2043 size-full\"\/><\/figure><div class=\"wp-block-media-text__content\">\n<p>Les circuits p\u00e9destres \u00e0 <a href=\"https:\/\/www.levignobledenantes-tourisme.com\/la-rando\/nos-fiches-circuits-a-telecharger\/\" target=\"_blank\" rel=\"noreferrer noopener\">t\u00e9l\u00e9charger<\/a> sur le site de l&#8217;Office du Tourisme du Vignoble de Nantes.<\/p>\n<\/div><\/div>\n\n\n\n<figure class=\"wp-block-gallery has-nested-images columns-default is-cropped wp-block-gallery-1 is-layout-flex wp-block-gallery-is-layout-flex\">\n<figure class=\"wp-block-image size-large\"><img loading=\"lazy\" decoding=\"async\" width=\"1024\" height=\"576\" data-id=\"1636\" src=\"https:\/\/www.randocabane.fr\/wp-content\/uploads\/2021\/02\/AdobeStock_165438361-1024x576.jpeg\" alt=\"\" class=\"wp-image-1636\" srcset=\"https:\/\/www.randocabane.fr\/wp-content\/uploads\/2021\/02\/AdobeStock_165438361-1024x576.jpeg 1024w, https:\/\/www.randocabane.fr\/wp-content\/uploads\/2021\/02\/AdobeStock_165438361-300x169.jpeg 300w, https:\/\/www.randocabane.fr\/wp-content\/uploads\/2021\/02\/AdobeStock_165438361-768x432.jpeg 768w, https:\/\/www.randocabane.fr\/wp-content\/uploads\/2021\/02\/AdobeStock_165438361-1536x864.jpeg 1536w, https:\/\/www.randocabane.fr\/wp-content\/uploads\/2021\/02\/AdobeStock_165438361-2048x1152.jpeg 2048w\" sizes=\"auto, (max-width: 1024px) 100vw, 1024px\" \/><\/figure>\n\n\n\n<figure class=\"wp-block-image size-large\"><img loading=\"lazy\" decoding=\"async\" width=\"1024\" height=\"683\" data-id=\"1974\" src=\"https:\/\/www.randocabane.fr\/wp-content\/uploads\/2021\/03\/rando-pieds-1024x683.jpg\" alt=\"\" class=\"wp-image-1974\" srcset=\"https:\/\/www.randocabane.fr\/wp-content\/uploads\/2021\/03\/rando-pieds-1024x683.jpg 1024w, https:\/\/www.randocabane.fr\/wp-content\/uploads\/2021\/03\/rando-pieds-300x200.jpg 300w, https:\/\/www.randocabane.fr\/wp-content\/uploads\/2021\/03\/rando-pieds-768x512.jpg 768w, https:\/\/www.randocabane.fr\/wp-content\/uploads\/2021\/03\/rando-pieds.jpg 1200w\" sizes=\"auto, (max-width: 1024px) 100vw, 1024px\" \/><\/figure>\n<\/figure>\n\n\n\n<p class=\"has-text-align-center\">Page \u00e0 consulter r\u00e9guli\u00e8rement, elle va certainement s&#8217;enrichir prochainement.<\/p>\n","protected":false},"excerpt":{"rendered":"<p>D\u00e9couvrez des circuits et boucles pour vos randonn\u00e9es p\u00e9destres au travers du Vignoble Nantais. Envie d&#8217;une&nbsp;randonn\u00e9e personnalis\u00e9e&nbsp;? RandoCabane s&#8217;occupe de tout :&nbsp;contactez-nous ! Les boucles RandoCabane pour la saison 2025 &#8230;<\/p>\n","protected":false},"author":2,"featured_media":0,"parent":0,"menu_order":0,"comment_status":"closed","ping_status":"closed","template":"","meta":{"footnotes":""},"class_list":["post-2017","page","type-page","status-publish","hentry"],"yoast_head":"<!-- This site is optimized with the Yoast SEO plugin v26.4 - https:\/\/yoast.com\/wordpress\/plugins\/seo\/ -->\n<title>Randonn\u00e9es p\u00e9destres au d\u00e9part ou vers les h\u00e9bergements RandoCabane - Pr\u00e9parer son itin\u00e9raire - Randocabane<\/title>\n<meta name=\"description\" content=\"Nous vous sugg\u00e9rons des randonn\u00e9es p\u00e9destres, au d\u00e9part de nos diff\u00e9rentes cabanes ou points strat\u00e9giques du vignoble de Nantes.\" \/>\n<meta name=\"robots\" content=\"index, follow, max-snippet:-1, max-image-preview:large, max-video-preview:-1\" \/>\n<link rel=\"canonical\" href=\"https:\/\/www.randocabane.fr\/index.php\/randonnees-pedestres\/\" \/>\n<meta property=\"og:locale\" content=\"fr_FR\" \/>\n<meta property=\"og:type\" content=\"article\" \/>\n<meta property=\"og:title\" content=\"Randonn\u00e9es p\u00e9destres au d\u00e9part ou vers les h\u00e9bergements RandoCabane - Pr\u00e9parer son itin\u00e9raire - Randocabane\" \/>\n<meta property=\"og:description\" content=\"Nous vous sugg\u00e9rons des randonn\u00e9es p\u00e9destres, au d\u00e9part de nos diff\u00e9rentes cabanes ou points strat\u00e9giques du vignoble de Nantes.\" \/>\n<meta property=\"og:url\" content=\"https:\/\/www.randocabane.fr\/index.php\/randonnees-pedestres\/\" \/>\n<meta property=\"og:site_name\" content=\"Randocabane\" \/>\n<meta property=\"article:modified_time\" content=\"2025-02-14T09:10:41+00:00\" \/>\n<meta property=\"og:image\" content=\"https:\/\/www.randocabane.fr\/wp-content\/uploads\/2024\/12\/Randonnee-RandoCabane-LaHaie-Fouassiere-Moulins.jpg\" \/>\n<meta name=\"twitter:card\" content=\"summary_large_image\" \/>\n<meta name=\"twitter:label1\" content=\"Dur\u00e9e de lecture estim\u00e9e\" \/>\n\t<meta name=\"twitter:data1\" content=\"3 minutes\" \/>\n<script type=\"application\/ld+json\" class=\"yoast-schema-graph\">{\"@context\":\"https:\/\/schema.org\",\"@graph\":[{\"@type\":\"WebPage\",\"@id\":\"https:\/\/www.randocabane.fr\/index.php\/randonnees-pedestres\/\",\"url\":\"https:\/\/www.randocabane.fr\/index.php\/randonnees-pedestres\/\",\"name\":\"Randonn\u00e9es p\u00e9destres au d\u00e9part ou vers les h\u00e9bergements RandoCabane - Pr\u00e9parer son itin\u00e9raire - Randocabane\",\"isPartOf\":{\"@id\":\"https:\/\/www.randocabane.fr\/#website\"},\"primaryImageOfPage\":{\"@id\":\"https:\/\/www.randocabane.fr\/index.php\/randonnees-pedestres\/#primaryimage\"},\"image\":{\"@id\":\"https:\/\/www.randocabane.fr\/index.php\/randonnees-pedestres\/#primaryimage\"},\"thumbnailUrl\":\"https:\/\/www.randocabane.fr\/wp-content\/uploads\/2024\/12\/Randonnee-RandoCabane-LaHaie-Fouassiere-Moulins.jpg\",\"datePublished\":\"2024-12-01T18:00:45+00:00\",\"dateModified\":\"2025-02-14T09:10:41+00:00\",\"description\":\"Nous vous sugg\u00e9rons des randonn\u00e9es p\u00e9destres, au d\u00e9part de nos diff\u00e9rentes cabanes ou points strat\u00e9giques du vignoble de Nantes.\",\"breadcrumb\":{\"@id\":\"https:\/\/www.randocabane.fr\/index.php\/randonnees-pedestres\/#breadcrumb\"},\"inLanguage\":\"fr-FR\",\"potentialAction\":[{\"@type\":\"ReadAction\",\"target\":[\"https:\/\/www.randocabane.fr\/index.php\/randonnees-pedestres\/\"]}]},{\"@type\":\"ImageObject\",\"inLanguage\":\"fr-FR\",\"@id\":\"https:\/\/www.randocabane.fr\/index.php\/randonnees-pedestres\/#primaryimage\",\"url\":\"https:\/\/www.randocabane.fr\/wp-content\/uploads\/2024\/12\/Randonnee-RandoCabane-LaHaie-Fouassiere-Moulins.jpg\",\"contentUrl\":\"https:\/\/www.randocabane.fr\/wp-content\/uploads\/2024\/12\/Randonnee-RandoCabane-LaHaie-Fouassiere-Moulins.jpg\"},{\"@type\":\"BreadcrumbList\",\"@id\":\"https:\/\/www.randocabane.fr\/index.php\/randonnees-pedestres\/#breadcrumb\",\"itemListElement\":[{\"@type\":\"ListItem\",\"position\":1,\"name\":\"Accueil\",\"item\":\"https:\/\/www.randocabane.fr\/\"},{\"@type\":\"ListItem\",\"position\":2,\"name\":\"Randonn\u00e9es p\u00e9destres au d\u00e9part ou vers les h\u00e9bergements RandoCabane\"}]},{\"@type\":\"WebSite\",\"@id\":\"https:\/\/www.randocabane.fr\/#website\",\"url\":\"https:\/\/www.randocabane.fr\/\",\"name\":\"Randocabane\",\"description\":\"De cabane en cabane\",\"publisher\":{\"@id\":\"https:\/\/www.randocabane.fr\/#organization\"},\"potentialAction\":[{\"@type\":\"SearchAction\",\"target\":{\"@type\":\"EntryPoint\",\"urlTemplate\":\"https:\/\/www.randocabane.fr\/?s={search_term_string}\"},\"query-input\":{\"@type\":\"PropertyValueSpecification\",\"valueRequired\":true,\"valueName\":\"search_term_string\"}}],\"inLanguage\":\"fr-FR\"},{\"@type\":\"Organization\",\"@id\":\"https:\/\/www.randocabane.fr\/#organization\",\"name\":\"Randocabane\",\"url\":\"https:\/\/www.randocabane.fr\/\",\"logo\":{\"@type\":\"ImageObject\",\"inLanguage\":\"fr-FR\",\"@id\":\"https:\/\/www.randocabane.fr\/#\/schema\/logo\/image\/\",\"url\":\"https:\/\/www.randocabane.fr\/wp-content\/uploads\/2020\/12\/cropped-logo-randocabane-500.jpg\",\"contentUrl\":\"https:\/\/www.randocabane.fr\/wp-content\/uploads\/2020\/12\/cropped-logo-randocabane-500.jpg\",\"width\":500,\"height\":335,\"caption\":\"Randocabane\"},\"image\":{\"@id\":\"https:\/\/www.randocabane.fr\/#\/schema\/logo\/image\/\"}}]}<\/script>\n<!-- \/ Yoast SEO plugin. -->","yoast_head_json":{"title":"Randonn\u00e9es p\u00e9destres au d\u00e9part ou vers les h\u00e9bergements RandoCabane - Pr\u00e9parer son itin\u00e9raire - Randocabane","description":"Nous vous sugg\u00e9rons des randonn\u00e9es p\u00e9destres, au d\u00e9part de nos diff\u00e9rentes cabanes ou points strat\u00e9giques du vignoble de Nantes.","robots":{"index":"index","follow":"follow","max-snippet":"max-snippet:-1","max-image-preview":"max-image-preview:large","max-video-preview":"max-video-preview:-1"},"canonical":"https:\/\/www.randocabane.fr\/index.php\/randonnees-pedestres\/","og_locale":"fr_FR","og_type":"article","og_title":"Randonn\u00e9es p\u00e9destres au d\u00e9part ou vers les h\u00e9bergements RandoCabane - Pr\u00e9parer son itin\u00e9raire - Randocabane","og_description":"Nous vous sugg\u00e9rons des randonn\u00e9es p\u00e9destres, au d\u00e9part de nos diff\u00e9rentes cabanes ou points strat\u00e9giques du vignoble de Nantes.","og_url":"https:\/\/www.randocabane.fr\/index.php\/randonnees-pedestres\/","og_site_name":"Randocabane","article_modified_time":"2025-02-14T09:10:41+00:00","og_image":[{"url":"https:\/\/www.randocabane.fr\/wp-content\/uploads\/2024\/12\/Randonnee-RandoCabane-LaHaie-Fouassiere-Moulins.jpg","type":"","width":"","height":""}],"twitter_card":"summary_large_image","twitter_misc":{"Dur\u00e9e de lecture estim\u00e9e":"3 minutes"},"schema":{"@context":"https:\/\/schema.org","@graph":[{"@type":"WebPage","@id":"https:\/\/www.randocabane.fr\/index.php\/randonnees-pedestres\/","url":"https:\/\/www.randocabane.fr\/index.php\/randonnees-pedestres\/","name":"Randonn\u00e9es p\u00e9destres au d\u00e9part ou vers les h\u00e9bergements RandoCabane - Pr\u00e9parer son itin\u00e9raire - Randocabane","isPartOf":{"@id":"https:\/\/www.randocabane.fr\/#website"},"primaryImageOfPage":{"@id":"https:\/\/www.randocabane.fr\/index.php\/randonnees-pedestres\/#primaryimage"},"image":{"@id":"https:\/\/www.randocabane.fr\/index.php\/randonnees-pedestres\/#primaryimage"},"thumbnailUrl":"https:\/\/www.randocabane.fr\/wp-content\/uploads\/2024\/12\/Randonnee-RandoCabane-LaHaie-Fouassiere-Moulins.jpg","datePublished":"2024-12-01T18:00:45+00:00","dateModified":"2025-02-14T09:10:41+00:00","description":"Nous vous sugg\u00e9rons des randonn\u00e9es p\u00e9destres, au d\u00e9part de nos diff\u00e9rentes cabanes ou points strat\u00e9giques du vignoble de Nantes.","breadcrumb":{"@id":"https:\/\/www.randocabane.fr\/index.php\/randonnees-pedestres\/#breadcrumb"},"inLanguage":"fr-FR","potentialAction":[{"@type":"ReadAction","target":["https:\/\/www.randocabane.fr\/index.php\/randonnees-pedestres\/"]}]},{"@type":"ImageObject","inLanguage":"fr-FR","@id":"https:\/\/www.randocabane.fr\/index.php\/randonnees-pedestres\/#primaryimage","url":"https:\/\/www.randocabane.fr\/wp-content\/uploads\/2024\/12\/Randonnee-RandoCabane-LaHaie-Fouassiere-Moulins.jpg","contentUrl":"https:\/\/www.randocabane.fr\/wp-content\/uploads\/2024\/12\/Randonnee-RandoCabane-LaHaie-Fouassiere-Moulins.jpg"},{"@type":"BreadcrumbList","@id":"https:\/\/www.randocabane.fr\/index.php\/randonnees-pedestres\/#breadcrumb","itemListElement":[{"@type":"ListItem","position":1,"name":"Accueil","item":"https:\/\/www.randocabane.fr\/"},{"@type":"ListItem","position":2,"name":"Randonn\u00e9es p\u00e9destres au d\u00e9part ou vers les h\u00e9bergements RandoCabane"}]},{"@type":"WebSite","@id":"https:\/\/www.randocabane.fr\/#website","url":"https:\/\/www.randocabane.fr\/","name":"Randocabane","description":"De cabane en cabane","publisher":{"@id":"https:\/\/www.randocabane.fr\/#organization"},"potentialAction":[{"@type":"SearchAction","target":{"@type":"EntryPoint","urlTemplate":"https:\/\/www.randocabane.fr\/?s={search_term_string}"},"query-input":{"@type":"PropertyValueSpecification","valueRequired":true,"valueName":"search_term_string"}}],"inLanguage":"fr-FR"},{"@type":"Organization","@id":"https:\/\/www.randocabane.fr\/#organization","name":"Randocabane","url":"https:\/\/www.randocabane.fr\/","logo":{"@type":"ImageObject","inLanguage":"fr-FR","@id":"https:\/\/www.randocabane.fr\/#\/schema\/logo\/image\/","url":"https:\/\/www.randocabane.fr\/wp-content\/uploads\/2020\/12\/cropped-logo-randocabane-500.jpg","contentUrl":"https:\/\/www.randocabane.fr\/wp-content\/uploads\/2020\/12\/cropped-logo-randocabane-500.jpg","width":500,"height":335,"caption":"Randocabane"},"image":{"@id":"https:\/\/www.randocabane.fr\/#\/schema\/logo\/image\/"}}]}},"_links":{"self":[{"href":"https:\/\/www.randocabane.fr\/index.php\/wp-json\/wp\/v2\/pages\/2017","targetHints":{"allow":["GET"]}}],"collection":[{"href":"https:\/\/www.randocabane.fr\/index.php\/wp-json\/wp\/v2\/pages"}],"about":[{"href":"https:\/\/www.randocabane.fr\/index.php\/wp-json\/wp\/v2\/types\/page"}],"author":[{"embeddable":true,"href":"https:\/\/www.randocabane.fr\/index.php\/wp-json\/wp\/v2\/users\/2"}],"replies":[{"embeddable":true,"href":"https:\/\/www.randocabane.fr\/index.php\/wp-json\/wp\/v2\/comments?post=2017"}],"version-history":[{"count":37,"href":"https:\/\/www.randocabane.fr\/index.php\/wp-json\/wp\/v2\/pages\/2017\/revisions"}],"predecessor-version":[{"id":3378,"href":"https:\/\/www.randocabane.fr\/index.php\/wp-json\/wp\/v2\/pages\/2017\/revisions\/3378"}],"wp:attachment":[{"href":"https:\/\/www.randocabane.fr\/index.php\/wp-json\/wp\/v2\/media?parent=2017"}],"curies":[{"name":"wp","href":"https:\/\/api.w.org\/{rel}","templated":true}]}}