{"id":2550,"date":"2021-04-26T15:15:36","date_gmt":"2021-04-26T13:15:36","guid":{"rendered":"https:\/\/www.randocabane.fr\/?page_id=2550"},"modified":"2024-12-05T16:10:31","modified_gmt":"2024-12-05T15:10:31","slug":"le-blog-randocabane","status":"publish","type":"page","link":"https:\/\/www.randocabane.fr\/index.php\/le-blog-randocabane\/","title":{"rendered":"Le blog"},"content":{"rendered":"\n<p class=\"has-text-align-center\">Randocabane vous propose de d\u00e9couvrir son blog et les actualit\u00e9s du Vignoble Nantais ! <\/p>\n\n\n\n<h2 class=\"wp-block-heading\">2025 &#8211; Nouvelle communication pour le Vignoble Nantais<\/h2>\n\n\n\n<figure class=\"wp-block-embed is-type-video is-provider-youtube wp-block-embed-youtube wp-embed-aspect-16-9 wp-has-aspect-ratio\"><div class=\"wp-block-embed__wrapper\">\n<iframe loading=\"lazy\" title=\"Destination Vignoble Nantais, Terres de contrastes\" width=\"800\" height=\"450\" src=\"https:\/\/www.youtube.com\/embed\/kjwoTghwfPc?feature=oembed\" frameborder=\"0\" allow=\"accelerometer; autoplay; clipboard-write; encrypted-media; gyroscope; picture-in-picture; web-share\" referrerpolicy=\"strict-origin-when-cross-origin\" allowfullscreen><\/iframe>\n<\/div><\/figure>\n\n\n\n<hr class=\"wp-block-separator has-alpha-channel-opacity is-style-wide\"\/>\n\n\n\n<h2 class=\"wp-block-heading\">RandoCabane se recentre \u00e0 St Fiacre sur Maine<\/h2>\n\n\n\n<p>Dans cette rubrique suivez nos actualit\u00e9s, d\u00e9couvrez les retours d&#8217;exp\u00e9riences avec RandoCabane mais aussi apprenez sur la randonn\u00e9e avec nos RandoAstuces.<\/p>\n\n\n\n<p><\/p>\n\n\n\n<div class=\"wp-block-columns is-layout-flex wp-container-core-columns-is-layout-1 wp-block-columns-is-layout-flex\">\n<div class=\"wp-block-column is-layout-flow wp-block-column-is-layout-flow\"><div class=\"wp-block-image\">\n<figure class=\"aligncenter size-large is-resized\"><img loading=\"lazy\" decoding=\"async\" src=\"http:\/\/www.randocabane.fr\/wp-content\/uploads\/2020\/12\/pictos_cabane-1.jpg\" alt=\"Actualit\u00e9s - Blog\" class=\"wp-image-1435\" width=\"98\" height=\"98\" srcset=\"https:\/\/www.randocabane.fr\/wp-content\/uploads\/2020\/12\/pictos_cabane-1.jpg 509w, https:\/\/www.randocabane.fr\/wp-content\/uploads\/2020\/12\/pictos_cabane-1-300x300.jpg 300w, https:\/\/www.randocabane.fr\/wp-content\/uploads\/2020\/12\/pictos_cabane-1-150x150.jpg 150w\" sizes=\"auto, (max-width: 98px) 100vw, 98px\" \/><\/figure><\/div>\n\n\n<div class=\"wp-block-buttons is-horizontal is-content-justification-center is-layout-flex wp-container-core-buttons-is-layout-1 wp-block-buttons-is-layout-flex\">\n<div class=\"wp-block-button\"><a class=\"wp-block-button__link has-white-color has-text-color has-background wp-element-button\" href=\"http:\/\/www.randocabane.fr\/index.php\/category\/actualites\/\" style=\"background-color:#94c11f\">Actualit\u00e9s RandoCabane<\/a><\/div>\n<\/div>\n<\/div>\n\n\n\n<div class=\"wp-block-column is-layout-flow wp-block-column-is-layout-flow\"><div class=\"wp-block-image\">\n<figure class=\"aligncenter size-large is-resized\"><img loading=\"lazy\" decoding=\"async\" src=\"http:\/\/www.randocabane.fr\/wp-content\/uploads\/2020\/12\/pictos_canoe.jpg\" alt=\"retours d'exp\u00e9riences\" class=\"wp-image-1424\" width=\"101\" height=\"101\" srcset=\"https:\/\/www.randocabane.fr\/wp-content\/uploads\/2020\/12\/pictos_canoe.jpg 509w, https:\/\/www.randocabane.fr\/wp-content\/uploads\/2020\/12\/pictos_canoe-300x300.jpg 300w, https:\/\/www.randocabane.fr\/wp-content\/uploads\/2020\/12\/pictos_canoe-150x150.jpg 150w\" sizes=\"auto, (max-width: 101px) 100vw, 101px\" \/><\/figure><\/div>\n\n\n<div class=\"wp-block-buttons is-horizontal is-content-justification-center is-layout-flex wp-container-core-buttons-is-layout-2 wp-block-buttons-is-layout-flex\">\n<div class=\"wp-block-button\"><a class=\"wp-block-button__link has-white-color has-text-color has-background wp-element-button\" href=\"http:\/\/www.randocabane.fr\/index.php\/category\/retours-dexperiences\/\" style=\"background-color:#94c11f\">Retours d&#8217;exp\u00e9riences<\/a><\/div>\n<\/div>\n<\/div>\n\n\n\n<div class=\"wp-block-column is-layout-flow wp-block-column-is-layout-flow\"><div class=\"wp-block-image\">\n<figure class=\"aligncenter size-large is-resized\"><img loading=\"lazy\" decoding=\"async\" src=\"http:\/\/www.randocabane.fr\/wp-content\/uploads\/2020\/12\/pictos_rando.jpg\" alt=\"RandoAstuces - Blog\" class=\"wp-image-1427\" width=\"100\" height=\"100\" srcset=\"https:\/\/www.randocabane.fr\/wp-content\/uploads\/2020\/12\/pictos_rando.jpg 509w, https:\/\/www.randocabane.fr\/wp-content\/uploads\/2020\/12\/pictos_rando-300x300.jpg 300w, https:\/\/www.randocabane.fr\/wp-content\/uploads\/2020\/12\/pictos_rando-150x150.jpg 150w\" sizes=\"auto, (max-width: 100px) 100vw, 100px\" \/><\/figure><\/div>\n\n\n<div class=\"wp-block-buttons is-horizontal is-content-justification-center is-layout-flex wp-container-core-buttons-is-layout-3 wp-block-buttons-is-layout-flex\">\n<div class=\"wp-block-button\"><a class=\"wp-block-button__link has-white-color has-text-color has-background wp-element-button\" href=\"http:\/\/www.randocabane.fr\/index.php\/category\/astuces\/\" style=\"background-color:#94c11f\">RandoAstuces<\/a><\/div>\n<\/div>\n<\/div>\n<\/div>\n\n\n\n<p><\/p>\n","protected":false},"excerpt":{"rendered":"<p>Randocabane vous propose de d\u00e9couvrir son blog et les actualit\u00e9s du Vignoble Nantais ! 2025 &#8211; Nouvelle communication pour le Vignoble Nantais RandoCabane se recentre \u00e0 St Fiacre sur Maine &#8230;<\/p>\n","protected":false},"author":2,"featured_media":0,"parent":0,"menu_order":4,"comment_status":"closed","ping_status":"closed","template":"","meta":{"footnotes":""},"class_list":["post-2550","page","type-page","status-publish","hentry"],"yoast_head":"<!-- This site is optimized with the Yoast SEO plugin v26.4 - https:\/\/yoast.com\/wordpress\/plugins\/seo\/ -->\n<title>Le blog - partir en randonn\u00e9e dans le vignoble - Randocabane<\/title>\n<meta name=\"description\" content=\"Randocabane vous propose de d\u00e9couvrir son blog ! Astuces, actualit\u00e9s et retours sur exp\u00e9riences d\u00e9couvrez en un clic RandoCabane\" \/>\n<meta name=\"robots\" content=\"index, follow, max-snippet:-1, max-image-preview:large, max-video-preview:-1\" \/>\n<link rel=\"canonical\" href=\"https:\/\/www.randocabane.fr\/index.php\/le-blog-randocabane\/\" \/>\n<meta property=\"og:locale\" content=\"fr_FR\" \/>\n<meta property=\"og:type\" content=\"article\" \/>\n<meta property=\"og:title\" content=\"Le blog - partir en randonn\u00e9e dans le vignoble - Randocabane\" \/>\n<meta property=\"og:description\" content=\"Randocabane vous propose de d\u00e9couvrir son blog ! Astuces, actualit\u00e9s et retours sur exp\u00e9riences d\u00e9couvrez en un clic RandoCabane\" \/>\n<meta property=\"og:url\" content=\"https:\/\/www.randocabane.fr\/index.php\/le-blog-randocabane\/\" \/>\n<meta property=\"og:site_name\" content=\"Randocabane\" \/>\n<meta property=\"article:modified_time\" content=\"2024-12-05T15:10:31+00:00\" \/>\n<meta property=\"og:image\" content=\"http:\/\/www.randocabane.fr\/wp-content\/uploads\/2020\/12\/pictos_cabane-1.jpg\" \/>\n<meta name=\"twitter:card\" content=\"summary_large_image\" \/>\n<meta name=\"twitter:label1\" content=\"Dur\u00e9e de lecture estim\u00e9e\" \/>\n\t<meta name=\"twitter:data1\" content=\"1 minute\" \/>\n<script type=\"application\/ld+json\" class=\"yoast-schema-graph\">{\"@context\":\"https:\/\/schema.org\",\"@graph\":[{\"@type\":\"WebPage\",\"@id\":\"https:\/\/www.randocabane.fr\/index.php\/le-blog-randocabane\/\",\"url\":\"https:\/\/www.randocabane.fr\/index.php\/le-blog-randocabane\/\",\"name\":\"Le blog - partir en randonn\u00e9e dans le vignoble - Randocabane\",\"isPartOf\":{\"@id\":\"https:\/\/www.randocabane.fr\/#website\"},\"primaryImageOfPage\":{\"@id\":\"https:\/\/www.randocabane.fr\/index.php\/le-blog-randocabane\/#primaryimage\"},\"image\":{\"@id\":\"https:\/\/www.randocabane.fr\/index.php\/le-blog-randocabane\/#primaryimage\"},\"thumbnailUrl\":\"http:\/\/www.randocabane.fr\/wp-content\/uploads\/2020\/12\/pictos_cabane-1.jpg\",\"datePublished\":\"2021-04-26T13:15:36+00:00\",\"dateModified\":\"2024-12-05T15:10:31+00:00\",\"description\":\"Randocabane vous propose de d\u00e9couvrir son blog ! Astuces, actualit\u00e9s et retours sur exp\u00e9riences d\u00e9couvrez en un clic RandoCabane\",\"breadcrumb\":{\"@id\":\"https:\/\/www.randocabane.fr\/index.php\/le-blog-randocabane\/#breadcrumb\"},\"inLanguage\":\"fr-FR\",\"potentialAction\":[{\"@type\":\"ReadAction\",\"target\":[\"https:\/\/www.randocabane.fr\/index.php\/le-blog-randocabane\/\"]}]},{\"@type\":\"ImageObject\",\"inLanguage\":\"fr-FR\",\"@id\":\"https:\/\/www.randocabane.fr\/index.php\/le-blog-randocabane\/#primaryimage\",\"url\":\"https:\/\/www.randocabane.fr\/wp-content\/uploads\/2020\/12\/pictos_cabane-1.jpg\",\"contentUrl\":\"https:\/\/www.randocabane.fr\/wp-content\/uploads\/2020\/12\/pictos_cabane-1.jpg\",\"width\":509,\"height\":509},{\"@type\":\"BreadcrumbList\",\"@id\":\"https:\/\/www.randocabane.fr\/index.php\/le-blog-randocabane\/#breadcrumb\",\"itemListElement\":[{\"@type\":\"ListItem\",\"position\":1,\"name\":\"Accueil\",\"item\":\"https:\/\/www.randocabane.fr\/\"},{\"@type\":\"ListItem\",\"position\":2,\"name\":\"Le blog\"}]},{\"@type\":\"WebSite\",\"@id\":\"https:\/\/www.randocabane.fr\/#website\",\"url\":\"https:\/\/www.randocabane.fr\/\",\"name\":\"Randocabane\",\"description\":\"De cabane en cabane\",\"publisher\":{\"@id\":\"https:\/\/www.randocabane.fr\/#organization\"},\"potentialAction\":[{\"@type\":\"SearchAction\",\"target\":{\"@type\":\"EntryPoint\",\"urlTemplate\":\"https:\/\/www.randocabane.fr\/?s={search_term_string}\"},\"query-input\":{\"@type\":\"PropertyValueSpecification\",\"valueRequired\":true,\"valueName\":\"search_term_string\"}}],\"inLanguage\":\"fr-FR\"},{\"@type\":\"Organization\",\"@id\":\"https:\/\/www.randocabane.fr\/#organization\",\"name\":\"Randocabane\",\"url\":\"https:\/\/www.randocabane.fr\/\",\"logo\":{\"@type\":\"ImageObject\",\"inLanguage\":\"fr-FR\",\"@id\":\"https:\/\/www.randocabane.fr\/#\/schema\/logo\/image\/\",\"url\":\"https:\/\/www.randocabane.fr\/wp-content\/uploads\/2020\/12\/cropped-logo-randocabane-500.jpg\",\"contentUrl\":\"https:\/\/www.randocabane.fr\/wp-content\/uploads\/2020\/12\/cropped-logo-randocabane-500.jpg\",\"width\":500,\"height\":335,\"caption\":\"Randocabane\"},\"image\":{\"@id\":\"https:\/\/www.randocabane.fr\/#\/schema\/logo\/image\/\"}}]}<\/script>\n<!-- \/ Yoast SEO plugin. -->","yoast_head_json":{"title":"Le blog - partir en randonn\u00e9e dans le vignoble - Randocabane","description":"Randocabane vous propose de d\u00e9couvrir son blog ! Astuces, actualit\u00e9s et retours sur exp\u00e9riences d\u00e9couvrez en un clic RandoCabane","robots":{"index":"index","follow":"follow","max-snippet":"max-snippet:-1","max-image-preview":"max-image-preview:large","max-video-preview":"max-video-preview:-1"},"canonical":"https:\/\/www.randocabane.fr\/index.php\/le-blog-randocabane\/","og_locale":"fr_FR","og_type":"article","og_title":"Le blog - partir en randonn\u00e9e dans le vignoble - Randocabane","og_description":"Randocabane vous propose de d\u00e9couvrir son blog ! Astuces, actualit\u00e9s et retours sur exp\u00e9riences d\u00e9couvrez en un clic RandoCabane","og_url":"https:\/\/www.randocabane.fr\/index.php\/le-blog-randocabane\/","og_site_name":"Randocabane","article_modified_time":"2024-12-05T15:10:31+00:00","og_image":[{"url":"http:\/\/www.randocabane.fr\/wp-content\/uploads\/2020\/12\/pictos_cabane-1.jpg","type":"","width":"","height":""}],"twitter_card":"summary_large_image","twitter_misc":{"Dur\u00e9e de lecture estim\u00e9e":"1 minute"},"schema":{"@context":"https:\/\/schema.org","@graph":[{"@type":"WebPage","@id":"https:\/\/www.randocabane.fr\/index.php\/le-blog-randocabane\/","url":"https:\/\/www.randocabane.fr\/index.php\/le-blog-randocabane\/","name":"Le blog - partir en randonn\u00e9e dans le vignoble - Randocabane","isPartOf":{"@id":"https:\/\/www.randocabane.fr\/#website"},"primaryImageOfPage":{"@id":"https:\/\/www.randocabane.fr\/index.php\/le-blog-randocabane\/#primaryimage"},"image":{"@id":"https:\/\/www.randocabane.fr\/index.php\/le-blog-randocabane\/#primaryimage"},"thumbnailUrl":"http:\/\/www.randocabane.fr\/wp-content\/uploads\/2020\/12\/pictos_cabane-1.jpg","datePublished":"2021-04-26T13:15:36+00:00","dateModified":"2024-12-05T15:10:31+00:00","description":"Randocabane vous propose de d\u00e9couvrir son blog ! Astuces, actualit\u00e9s et retours sur exp\u00e9riences d\u00e9couvrez en un clic RandoCabane","breadcrumb":{"@id":"https:\/\/www.randocabane.fr\/index.php\/le-blog-randocabane\/#breadcrumb"},"inLanguage":"fr-FR","potentialAction":[{"@type":"ReadAction","target":["https:\/\/www.randocabane.fr\/index.php\/le-blog-randocabane\/"]}]},{"@type":"ImageObject","inLanguage":"fr-FR","@id":"https:\/\/www.randocabane.fr\/index.php\/le-blog-randocabane\/#primaryimage","url":"https:\/\/www.randocabane.fr\/wp-content\/uploads\/2020\/12\/pictos_cabane-1.jpg","contentUrl":"https:\/\/www.randocabane.fr\/wp-content\/uploads\/2020\/12\/pictos_cabane-1.jpg","width":509,"height":509},{"@type":"BreadcrumbList","@id":"https:\/\/www.randocabane.fr\/index.php\/le-blog-randocabane\/#breadcrumb","itemListElement":[{"@type":"ListItem","position":1,"name":"Accueil","item":"https:\/\/www.randocabane.fr\/"},{"@type":"ListItem","position":2,"name":"Le blog"}]},{"@type":"WebSite","@id":"https:\/\/www.randocabane.fr\/#website","url":"https:\/\/www.randocabane.fr\/","name":"Randocabane","description":"De cabane en cabane","publisher":{"@id":"https:\/\/www.randocabane.fr\/#organization"},"potentialAction":[{"@type":"SearchAction","target":{"@type":"EntryPoint","urlTemplate":"https:\/\/www.randocabane.fr\/?s={search_term_string}"},"query-input":{"@type":"PropertyValueSpecification","valueRequired":true,"valueName":"search_term_string"}}],"inLanguage":"fr-FR"},{"@type":"Organization","@id":"https:\/\/www.randocabane.fr\/#organization","name":"Randocabane","url":"https:\/\/www.randocabane.fr\/","logo":{"@type":"ImageObject","inLanguage":"fr-FR","@id":"https:\/\/www.randocabane.fr\/#\/schema\/logo\/image\/","url":"https:\/\/www.randocabane.fr\/wp-content\/uploads\/2020\/12\/cropped-logo-randocabane-500.jpg","contentUrl":"https:\/\/www.randocabane.fr\/wp-content\/uploads\/2020\/12\/cropped-logo-randocabane-500.jpg","width":500,"height":335,"caption":"Randocabane"},"image":{"@id":"https:\/\/www.randocabane.fr\/#\/schema\/logo\/image\/"}}]}},"_links":{"self":[{"href":"https:\/\/www.randocabane.fr\/index.php\/wp-json\/wp\/v2\/pages\/2550","targetHints":{"allow":["GET"]}}],"collection":[{"href":"https:\/\/www.randocabane.fr\/index.php\/wp-json\/wp\/v2\/pages"}],"about":[{"href":"https:\/\/www.randocabane.fr\/index.php\/wp-json\/wp\/v2\/types\/page"}],"author":[{"embeddable":true,"href":"https:\/\/www.randocabane.fr\/index.php\/wp-json\/wp\/v2\/users\/2"}],"replies":[{"embeddable":true,"href":"https:\/\/www.randocabane.fr\/index.php\/wp-json\/wp\/v2\/comments?post=2550"}],"version-history":[{"count":21,"href":"https:\/\/www.randocabane.fr\/index.php\/wp-json\/wp\/v2\/pages\/2550\/revisions"}],"predecessor-version":[{"id":3264,"href":"https:\/\/www.randocabane.fr\/index.php\/wp-json\/wp\/v2\/pages\/2550\/revisions\/3264"}],"wp:attachment":[{"href":"https:\/\/www.randocabane.fr\/index.php\/wp-json\/wp\/v2\/media?parent=2550"}],"curies":[{"name":"wp","href":"https:\/\/api.w.org\/{rel}","templated":true}]}}